INSERT INTO `pv5_avatar` (`id`, `name`) VALUES
(1, 'Avatar 1'),
(2, 'Avatar 2'),
(3, 'Avatar 3'),
(4, 'Avatar 4'),
(5, 'Avatar 5'),
(6, 'Avatar 6');

INSERT INTO `pv5_badge` (`id`, `name`) VALUES
(1, 'Pharma 5'),
(2, 'Ambassadeur');

INSERT INTO `pv5_day` (`id`, `name`, `one_stars`, `two_stars`, `three_stars`, `min_score_1`, `min_score_2`) VALUES
(1, 'Day 1', 54, 108, 162, 90, 0),
(2, 'Day 2', 75, 145, 225, 45, 75),
(3, 'Day 3', 35, 71, 106, 0, 59),
(4, 'Day 4', 74, 147, 221, 87, 35),
(5, 'Day 5', 33, 66, 99, 10, 45);

INSERT INTO `pv5_story_steps` (`id`, `day_id`, `category`) VALUES
(1, 1, 'Quiz'),
(2, 1, 'Drag and drop'),
(3, 1, 'Total Day 1'),
(4, 2, 'Fiche 1'),
(5, 2, 'Fiche 2'),
(6, 2, 'Fiche 3'),
(7, 2, 'Total Day 2'),
(8, 3, 'Activité 1'),
(9, 3, 'Activité 2'),
(10, 3, 'Activité 3'),
(11, 3, 'Activité 4'),
(12, 3, 'Total Day 3'),
(13, 4, 'Activité 1'),
(14, 4, 'Activité 2'),
(15, 4, 'Activité 3'),
(16, 4, 'Activité 4'),
(17, 4, 'Total Day 4'),
(18, 5, 'Activité 1'),
(19, 5, 'Activité 2'),
(20, 5, 'Total Day 5');

INSERT INTO `pv5_decision` (`id`, `score1`, `score2`, `day_id`) VALUES
(1,0,0,1),
(2,0,0,1),
(3,0,0,1),
(4,10,0,1),
(5,0,0,1),
(6,10,0,1),
(7,0,0,1),
(8,0,0,1),
(9,0,0,1),
(10,0,0,1),
(11,10,0,1),
(12,0,0,1),
(13,10,0,1),
(14,10,0,1),
(15,10,0,1),
(16,10,0,1),
(17,10,0,1),
(18,10,0,1),
(19,10,0,1),
(20,10,0,1),
(21,10,0,1),
(22,10,0,1),
(23,10,0,1),
(24,10,0,1),
(25,10,0,1),
(26,10,0,1),
(27,10,0,1),
(28,10,0,2),
(29,0,0,2),
(30,10,0,2),
(31,0,0,2),
(32,0,0,2),
(33,10,0,2),
(34,0,0,2),
(35,0,0,2),
(36,10,0,2),
(37,0,0,2),
(38,0,0,2),
(39,10,0,2),
(40,0,0,2),
(41,10,0,2),
(42,0,10,2),
(43,0,10,2),
(44,0,10,2),
(45,0,10,2),
(46,0,10,2),
(47,0,10,2),
(48,0,10,2),
(49,0,10,2),
(50,0,10,2),
(51,0,10,2),
(52,0,10,2),
(53,0,10,2),
(54,10,0,2),
(55,0,0,2),
(56,10,0,2),
(57,0,0,2),
(58,0,0,2),
(59,0,0,2),
(60,10,0,2),
(61,0,0,2),
(62,0,10,2),
(63,0,0,2),
(64,0,0,2),
(65,0,0,2),
(66,0,10,2),
(67,0,0,2),
(68,0,0,2),
(69,0,10,2),
(70,0,0,2),
(71,0,5,2),
(72,0,5,2),
(73,0,0,2),
(74,0,0,2),
(75,0,0,2),
(76,0,6,3),
(77,0,0,3),
(78,0,6,3),
(79,0,0,3),
(80,0,6,3),
(81,0,0,3),
(82,0,6,3),
(83,0,0,3),
(84,0,6,3),
(85,0,0,3),
(86,0,6,3),
(87,0,0,3),
(88,0,6,3),
(89,0,0,3),
(90,0,0,3),
(91,0,6,3),
(92,0,6,3),
(93,0,0,3),
(94,0,6,3),
(95,0,0,3),
(96,0,6,3),
(97,0,0,3),
(98,0,6,3),
(99,0,0,3),
(100,0,6,3),
(101,0,0,3),
(102,0,6,3),
(103,0,0,3),
(104,0,6,3),
(105,0,0,3),
(106,0,0,3),
(107,0,6,3),
(108,0,6,3),
(109,0,0,3),
(110,0,0,3),
(111,0,6,3),
(112,0,0,3),
(113,0,10,3),
(114,0,0,3),
(115,10,0,4),
(116,10,0,4),
(117,10,0,4),
(118,10,0,4),
(119,10,0,4),
(120,10,0,4),
(121,10,0,4),
(122,10,0,4),
(123,10,0,4),
(124,10,0,4),
(125,10,0,4),
(126,10,0,4),
(127,10,0,4),
(128,10,0,4),
(129,10,0,4),
(130,5,0,4),
(131,5,0,4),
(132,5,0,4),
(133,5,0,4),
(134,5,0,4),
(135,0,0,4),
(136,0,0,4),
(137,0,0,4),
(138,0,5,4),
(139,0,5,4),
(140,0,5,4),
(141,0,5,4),
(142,0,5,4),
(143,0,5,4),
(144,0,5,4),
(145,0,5,4),
(146,0,5,4),
(147,0,5,4),
(148,0,5,4),
(149,0,5,4),
(150,0,5,4),
(151,0,5,4),
(152,10,0,5),
(153,0,0,5),
(154,0,0,5),
(155,10,0,5),
(156,0,5,5),
(157,0,5,5),
(158,0,5,5),
(159,0,5,5),
(160,0,5,5),
(161,0,0,5),
(162,0,0,5),
(163,0,0,5),
(164,0,0,5),
(165,0,0,5),
(166,0,0,5),
(167,0,0,5),
(168,0,0,5),
(169,0,0,5),
(170,0,0,5),
(171,0,5,5),
(172,0,5,5),
(173,0,5,5),
(174,0,0,5),
(175,0,0,5),
(176,0,0,5),
(177,0,0,5),
(178,0,0,5),
(179,0,0,5),
(180,0,0,5),
(181,0,0,5),
(182,0,0,5),
(183,0,0,5),
(184,0,0,5),
(185,0,0,5),
(186,0,5,5),
(187,0,5,5),
(188,0,5,5),
(189,0,5,5),
(190,0,0,5),
(191,0,0,5),
(192,0,0,5),
(193,0,0,5),
(194,0,0,5),
(195,0,0,5),
(196,0,0,5),
(197,0,0,5),
(198,0,0,5),
(199,0,0,5),
(200,0,0,5),
(201,0,0,5),
(202,0,0,5),
(203,0,0,5),
(204,0,0,5),
(205,0,5,5),
(206,0,5,5),
(207,0,5,5),
(208,0,5,5),
(209,0,5,5),
(210,0,5,5),
(211,0,0,5),
(212,0,0,5),
(213,0,0,5),
(214,0,0,5),
(215,0,0,5),
(216,0,0,5),
(217,0,0,5),
(218,0,0,5),
(219,0,0,5),
(220,0,0,5);