INSERT INTO `lemo_avatar` (`id`, `name`) VALUES
(1, 'Avatar 1'),
(2, 'Avatar 2'),
(3, 'Avatar 3'),
(4, 'Avatar 4'),
(5, 'Avatar 5'),
(6, 'Avatar 6');

INSERT INTO `lemo_badge` (`id`, `name`) VALUES
(1, 'Citoyen Initié'),
(2, 'Citoyen Avisé'),
(3, 'Citoyen Engagé');

INSERT INTO `lemo_day` (`id`, `name`, `one_stars`, `two_stars`, `three_stars`, `min_score_1`, `min_score_2`) VALUES
(1, 'Day 1', 41, 81, 122, 30, 38),
(2, 'Day 2', 72, 144, 216, 75, 45),
(3, 'Day 3', 30, 60, 90, 40, 10),
(4, 'Day 4', 48, 96, 144, 55, 25);


INSERT INTO `lemo_story_steps` (`id`, `day_id`, `category`) VALUES
(1, 1, 'Quiz de compréhension des valeurs'),
(2, 1, 'Drag and drop'),
(3, 1, 'QCM'),
(4, 1, 'Total Day 1'),

(5, 2, 'Mise en situation1'),
(6, 2, 'Mise en situation2'),
(7, 2, 'Drag & Drop'),
(8, 2, 'Total Day 2'),

(9, 3, 'Drag & Drop'),
(10, 3, 'QCM'),
(11, 3, 'Total Day 3'),

(12, 4, 'QCM'),
(13, 4, 'Select'),
(14, 4, 'Survey'),
(15, 4, 'Total Day 4');


INSERT INTO `lemo_decision` (`id`, `score1`, `score2`, `day_id`) VALUES
(1,0,0,1),
(2,0,0,1),
(3,10,0,1),
(4,0,0,1),
(5,0,0,1),
(6,10,0,1),
(7,0,0,1),
(8,0,0,1),
(9,0,0,1),
(10,0,0,1),
(11,10,0,1),
(12,0,0,1),
(13,0,0,1),
(14,10,0,1),
(15,0,0,1),
(16,0,0,1),
(17,0,0,1),
(18,0,0,1),
(19,10,0,1),
(20,0,0,1),
(21,10,0,1),
(22,0,0,1),
(23,0,0,1),
(24,0,0,1),
(25,0,5,1),
(26,0,5,1),
(27,0,5,1),
(28,0,5,1),
(29,0,5,1),
(30,0,5,1),
(31,0,5,1),
(32,0,5,1),
(33,0,5,1),
(34,0,5,1),
(35,0,0,1),
(36,0,5,1),
(37,0,0,1),
(38,0,0,1),
(39,0,0,1),
(40,0,0,1),
(41,0,5,1),
(42,0,0,1),
(43,0,5,1),
(44,0,0,1),
(45,0,0,1),
(46,0,0,1),
(47,0,5,1),
(48,0,0,1),
(49,0,0,1),
(50,0,0,1),
(51,0,5,1),
(52,0,0,1),
(53,0,0,1),
(54,0,0,1),
(55,0,45,2),
(56,0,45,2),
(57,0,45,2),
(58,0,45,2),
(59,0,45,2),
(60,0,45,2),
(61,0,45,2),
(62,0,45,2),
(63,0,45,2),
(64,0,45,2),
(65,0,45,2),
(66,0,45,2),
(67,0,45,2),
(68,0,45,2),
(69,0,45,2),
(70,0,45,2),
(71,0,45,2),
(72,0,45,2),
(73,0,45,2),
(74,0,45,2),
(75,0,45,2),
(76,0,45,2),
(77,0,45,2),
(78,0,45,2),
(79,0,45,2),
(80,0,45,2),
(81,0,45,2),
(82,0,45,2),
(83,0,45,2),
(84,0,45,2),
(85,0,45,2),
(86,0,45,2),
(87,0,45,2),
(88,0,45,2),
(89,0,45,2),
(90,0,45,2),
(91,0,45,2),
(92,0,45,2),
(93,0,45,2),
(94,0,45,2),
(95,0,45,2),
(96,0,45,2),
(97,0,45,2),
(98,0,45,2),
(99,0,45,2),
(100,5,45,2),
(101,5,45,2),
(102,5,45,2),
(103,5,45,2),
(104,5,45,2),
(105,5,45,2),
(106,5,45,2),
(107,5,45,2),
(108,5,45,2),
(109,5,45,2),
(110,5,45,2),
(111,5,45,2),
(112,5,45,2),
(113,5,45,2),
(114,5,45,2),
(115,5,45,2),
(116,5,45,2),
(117,5,45,2),
(118,5,45,2),
(119,5,45,2),
(120,5,45,2),
(121,5,45,2),
(122,5,45,2),
(123,5,45,2),
(124,5,45,2),
(125,5,45,2),
(126,5,45,2),
(127,5,45,2),
(128,5,45,2),
(129,5,45,2),
(130,10,0,3),
(131,10,0,3),
(132,10,0,3),
(133,10,0,3),
(134,10,0,3),
(135,10,0,3),
(136,10,0,3),
(137,10,0,3),
(138,0,5,3),
(139,0,0,3),
(140,0,0,3),
(141,0,0,3),
(142,0,0,3),
(143,0,5,3),
(144,0,0,3),
(145,0,0,3),
(146,0,5,3),
(147,0,0,3),
(148,0,0,3),
(149,0,0,3),
(150,0,0,3),
(151,0,5,3),
(152,0,0,3),
(153,0,0,3),
(154,0,0,4),
(155,0,10,4),
(156,0,0,4),
(157,0,0,4),
(158,0,0,4),
(159,0,0,4),
(160,0,10,4),
(161,0,0,4),
(162,0,0,4),
(163,0,10,4),
(164,0,0,4),
(165,0,0,4),
(166,0,0,4),
(167,0,0,4),
(168,0,10,4),
(169,0,0,4),
(170,5,0,4),
(171,0,0,4),
(172,5,0,4),
(173,0,0,4),
(174,5,0,4),
(175,0,0,4),
(176,5,0,4),
(177,0,0,4),
(178,5,0,4),
(179,0,0,4),
(180,5,0,4),
(181,0,0,4),
(182,5,0,4),
(183,0,0,4),
(184,5,0,4),
(185,0,0,4),
(186,5,0,4),
(187,0,0,4),
(188,5,0,4),
(189,0,0,4),
(190,5,0,4),
(191,0,0,4),
(192,5,0,4),
(193,5,0,4),
(194,0,0,4),
(195,5,0,4),
(196,0,0,4),
(197,5,0,4),
(198,0,0,4),
(199,5,0,4),
(200,5,0,4),
(201,0,0,4),
(202,5,0,4),
(203,0,0,4),
(204,5,0,4),
(205,5,0,4),
(206,0,0,4),
(207,5,0,4),
(208,0,0,4),
(209,5,0,4),
(210,0,10,4);