INSERT INTO `insights_avatar` (`id`, `name`) VALUES
(1, 'Avatar 1'),
(2, 'Avatar 2'),
(3, 'Avatar 3'),
(4, 'Avatar 4'),
(5, 'Avatar 5'),
(6, 'Avatar 6'),
(7, 'Avatar 7'),
(8, 'Avatar 8');

INSERT INTO `insights_badge` (`id`, `name`) VALUES
(1, 'Expert'),
(2, 'Ambassadeur');

INSERT INTO `insights_day` (`id`, `name`, `one_stars`, `two_stars`, `three_stars`, `min_score_1`, `min_score_2`) VALUES
(1, 'Day 1', 26, 51, 77, 43, 0),
(2, 'Day 2', 95, 189, 284, 75, 83),
(3, 'Day 3', 30, 60, 90, 50, 0),
(4, 'Day 4', 35, 69, 104, 58, 0),
(5, 'Day 5', 38, 75, 113, 25, 38);

INSERT INTO `insights_story_steps` (`id`, `day_id`, `category`) VALUES
(1, 1, 'Objectif Analyse des données'),
(2, 1, 'Drag and drop'),
(3, 1, 'Total Day 1'),

(4, 2, 'Les étapes d une décision data-driven'),
(5, 2, 'Cas pratiques de l analytics'),
(6, 2, 'Lequel des scénarios suivants est un exemple de "Garbage In, Garbage Out" ?'),
(7, 2, 'C est quoi l objectif derrière la mise en place de la loi du  Règlement général sur la protection des données (RGPD) ?'),
(8, 2, 'Total Day 2'),

(9, 3, 'Quelques généralités sur l analyse descriptive'),
(10, 3, 'Classez les outils suivant dans la bonne catégorie'),
(11, 3, 'Total Day 3'),

(12, 4, 'Classez les outils suivant dans la bonne catégorie'),
(13, 4, 'A quoi sert l analyse de régression ?'),
(14, 4, 'A quoi sert la matrice de confusion dans la classification ?'),
(15, 4, 'Qu est-ce que le clustering ?'),
(16, 4, 'Total Day 4'),

(17, 5, 'L analyse prescriptive présente plusieurs avantages et inconvénients, classez les dans la bonne catégorie'),
(18, 5, 'Quelle est la différence entre l analyse descriptive, prédictive et prescriptive ?'),
(19, 5, 'Dossier Collecte des données'),
(20, 5, 'Dossier Analyse descriptive'),
(21, 5, 'Dossier Analyse prédictive'),
(22, 5, 'Dossier Analyse prescriptive'),
(23, 5, 'Total Day 5');

INSERT INTO `insights_decision` (`id`, `score1`, `score2`, `day_id`) VALUES
(1,10,0,1),
(2,0,0,1),
(3,0,0,1),
(4,0,0,1),
(5,5,0,1),
(6,5,0,1),
(7,5,0,1),
(8,5,0,1),
(9,5,0,1),
(10,5,0,1),
(11,5,0,1),
(12,5,0,1),
(13,5,0,1),
(14,5,0,1),
(15,5,0,1),
(16,5,0,1),
(17,5,0,1),
(18,5,0,1),
(19,5,0,1),
(20,0,5,2),
(21,0,5,2),
(22,0,5,2),
(23,0,5,2),
(24,0,5,2),
(25,0,5,2),
(26,0,5,2),
(27,5,5,2),
(28,5,5,2),
(29,5,5,2),
(30,5,5,2),
(31,5,5,2),
(32,5,5,2),
(33,5,5,2),
(34,5,5,2),
(35,5,5,2),
(36,5,5,2),
(37,5,5,2),
(38,5,5,2),
(39,5,5,2),
(40,5,5,2),
(41,5,5,2),
(42,5,5,2),
(43,5,5,2),
(44,5,5,2),
(45,5,5,2),
(46,5,5,2),
(47,5,5,2),
(48,5,5,2),
(49,5,5,2),
(50,5,5,2),
(51,5,5,2),
(52,5,5,2),
(53,0,0,2),
(54,10,0,2),
(55,0,0,2),
(56,0,0,2),
(57,10,0,2),
(58,0,0,2),
(59,0,0,2),
(60,5,0,3),
(61,0,0,3),
(62,0,0,3),
(63,0,0,3),
(64,5,0,3),
(65,0,0,3),
(66,0,0,3),
(67,0,0,3),
(68,5,0,3),
(69,0,0,3),
(70,0,0,3),
(71,5,0,3),
(72,0,0,3),
(73,5,0,3),
(74,0,0,3),
(75,5,0,3),
(76,5,0,3),
(77,5,0,3),
(78,5,0,3),
(79,5,0,3),
(80,5,0,3),
(81,5,0,3),
(82,5,0,3),
(83,5,0,3),
(84,5,0,3),
(85,5,0,3),
(86,5,0,3),
(87,5,0,3),
(88,5,0,3),
(89,5,0,3),
(90,5,0,4),
(91,5,0,4),
(92,5,0,4),
(93,5,0,4),
(94,5,0,4),
(95,5,0,4),
(96,5,0,4),
(97,5,0,4),
(98,5,0,4),
(99,5,0,4),
(100,5,0,4),
(101,5,0,4),
(102,5,0,4),
(103,5,0,4),
(104,5,0,4),
(105,5,0,4),
(106,5,0,4),
(107,10,0,4),
(108,0,0,4),
(109,0,0,4),
(110,0,0,4),
(111,10,0,4),
(112,0,0,4),
(113,0,0,4),
(114,0,0,4),
(115,10,0,4),
(116,5,0,5),
(117,5,0,5),
(118,5,0,5),
(119,5,0,5),
(120,5,0,5),
(121,5,0,5),
(122,5,0,5),
(123,5,0,5),
(124,0,0,5),
(125,0,0,5),
(126,10,0,5),
(127,0,5,5),
(128,0,5,5),
(129,0,5,5),
(130,0,5,5),
(131,0,0,5),
(132,0,0,5),
(133,0,0,5),
(134,0,0,5),
(135,0,5,5),
(136,0,5,5),
(137,0,5,5),
(138,0,5,5),
(139,0,0,5),
(140,0,0,5),
(141,0,0,5),
(142,0,0,5),
(143,0,5,5),
(144,0,5,5),
(145,0,5,5),
(146,0,0,5),
(147,0,0,5),
(148,0,0,5),
(149,0,0,5),
(150,0,0,5),
(151,0,5,5),
(152,0,5,5),
(153,0,5,5),
(154,0,5,5),
(155,0,0,5),
(156,0,0,5),
(157,0,0,5);